{"id":80,"date":"2018-05-18T23:09:19","date_gmt":"2018-05-18T21:09:19","guid":{"rendered":"https:\/\/holfelner.de\/cms\/?page_id=80"},"modified":"2018-07-07T11:23:59","modified_gmt":"2018-07-07T09:23:59","slug":"jahresabschluss","status":"publish","type":"page","link":"https:\/\/holfelner.de\/cms\/jahresabschluss\/","title":{"rendered":"Jahresabschluss"},"content":{"rendered":"<h2>Ziel erreicht?<\/h2>\n<p>Gern ziehen wir f\u00fcr Sie Bilanz. Der Jahresabschluss ist nicht nur verpflichtend f\u00fcr das Finanzamt zu erstellen, sondern ist auch ein gutes Planungs- und Controllinginstrument f\u00fcr Ihr Unternehmen.<\/p>\n<p>Wir erstellen f\u00fcr Sie den gesetzlich vorgeschrieben Jahresabschluss bzw. die Gewinnermittlung. Auch das Erstellen von\u00a0Zwischenabschl\u00fcssen, Auseinandersetzungsbilanzen sowie Sonder- und Erg\u00e4nzungsbilanzen z\u00e4hlen zu unseren Leistungen.<\/p>\n<ul>\n<li>Erstellung von Jahresabschl\u00fcssen<\/li>\n<li>Erstellung von Handelsbilanz und Steuerbilanz, Erg\u00e4nzungsbilanzen, Sonderbilanzen, Er\u00f6ffnungsbilanzen, Anhang, Lagebericht u. v. m.<\/li>\n<li>Erstellung von Gewinn- und Verlustrechnung<\/li>\n<li>Betreuung in s\u00e4mtlichen steuerlichen Angelegenheiten bei Finanz\u00e4mtern und Finanzgerichten<\/li>\n<\/ul>\n<p>Rufen Sie uns an, wir beraten Sie gern!<\/p>\n","protected":false},"excerpt":{"rendered":"<p>Ziel erreicht? Gern ziehen wir f\u00fcr Sie Bilanz. Der Jahresabschluss ist nicht nur verpflichtend f\u00fcr das Finanzamt zu erstellen, sondern ist auch ein gutes Planungs- und Controllinginstrument f\u00fcr Ihr Unternehmen. Wir erstellen f\u00fcr Sie den gesetzlich vorgeschrieben Jahresabschluss bzw. die<\/p>\n","protected":false},"author":1,"featured_media":0,"parent":0,"menu_order":0,"comment_status":"closed","ping_status":"closed","template":"","meta":{"footnotes":""},"class_list":["post-80","page","type-page","status-publish","hentry"],"_links":{"self":[{"href":"https:\/\/holfelner.de\/cms\/wp-json\/wp\/v2\/pages\/80","targetHints":{"allow":["GET"]}}],"collection":[{"href":"https:\/\/holfelner.de\/cms\/wp-json\/wp\/v2\/pages"}],"about":[{"href":"https:\/\/holfelner.de\/cms\/wp-json\/wp\/v2\/types\/page"}],"author":[{"embeddable":true,"href":"https:\/\/holfelner.de\/cms\/wp-json\/wp\/v2\/users\/1"}],"replies":[{"embeddable":true,"href":"https:\/\/holfelner.de\/cms\/wp-json\/wp\/v2\/comments?post=80"}],"version-history":[{"count":7,"href":"https:\/\/holfelner.de\/cms\/wp-json\/wp\/v2\/pages\/80\/revisions"}],"predecessor-version":[{"id":261,"href":"https:\/\/holfelner.de\/cms\/wp-json\/wp\/v2\/pages\/80\/revisions\/261"}],"wp:attachment":[{"href":"https:\/\/holfelner.de\/cms\/wp-json\/wp\/v2\/media?parent=80"}],"curies":[{"name":"wp","href":"https:\/\/api.w.org\/{rel}","templated":true}]}}