{"id":23,"date":"2018-05-18T21:37:46","date_gmt":"2018-05-18T19:37:46","guid":{"rendered":"https:\/\/holfelner.de\/cms\/?page_id=23"},"modified":"2018-07-07T11:17:58","modified_gmt":"2018-07-07T09:17:58","slug":"lohn-und-gehaltsbuchfuehrung","status":"publish","type":"page","link":"https:\/\/holfelner.de\/cms\/lohn-und-gehaltsbuchfuehrung\/","title":{"rendered":"Lohn- und Gehaltsbuchf\u00fchrung"},"content":{"rendered":"<div class=\"content-image-text content-image-text-left content-image-text-float\">\n<h2>Heuern Sie in Ruhe an, wir erledigen den Rest<\/h2>\n<p>Das Lohnsteuerrecht und die Sozialversicherung werden immer komplizierter. F\u00fcr Arbeitgeber bedeutet dies zeitintensive Arbeiten mit einem hohen Haftungsrisiko. Insbesondere f\u00fcr kleine und mittlere Unternehmen lohnt es sich daher, diese Arbeiten extern erledigen zu lassen. Das nehmen wir Ihnen gerne ab. So k\u00f6nnen Sie sich entspannt auf Ihr Tagesgesch\u00e4ft konzentrieren.<\/p>\n<p>Wir erstellen Ihnen die laufenden Lohnabrechnungen, f\u00fchren die Lohnkonten und erledigen alle Meldungen f\u00fcr Sie.<\/p>\n<p>Die regelm\u00e4\u00dfigen Pr\u00fcfungen vom Finanzamt und der Deutschen Rentenversicherung k\u00f6nnen bei uns im Haus durchgef\u00fchrt werden, so dass Ihr Betrieb dadurch nicht beeintr\u00e4chtigt wird.<\/p>\n<\/div>\n","protected":false},"excerpt":{"rendered":"<p>Das Lohnsteuerrecht und die Sozialversicherung werden immer komplizierter. Insbesondere f\u00fcr kleine und mittlere Unternehmen lohnt es sich daher, diese Arbeiten extern erledigen zu lassen. Das nehmen wir Ihnen gerne ab. So k\u00f6nnen Sie sich entspannt auf Ihr Tagesgesch\u00e4ft konzentrieren.<\/p>\n","protected":false},"author":1,"featured_media":0,"parent":0,"menu_order":0,"comment_status":"closed","ping_status":"closed","template":"","meta":{"footnotes":""},"class_list":["post-23","page","type-page","status-publish","hentry"],"_links":{"self":[{"href":"https:\/\/holfelner.de\/cms\/wp-json\/wp\/v2\/pages\/23","targetHints":{"allow":["GET"]}}],"collection":[{"href":"https:\/\/holfelner.de\/cms\/wp-json\/wp\/v2\/pages"}],"about":[{"href":"https:\/\/holfelner.de\/cms\/wp-json\/wp\/v2\/types\/page"}],"author":[{"embeddable":true,"href":"https:\/\/holfelner.de\/cms\/wp-json\/wp\/v2\/users\/1"}],"replies":[{"embeddable":true,"href":"https:\/\/holfelner.de\/cms\/wp-json\/wp\/v2\/comments?post=23"}],"version-history":[{"count":14,"href":"https:\/\/holfelner.de\/cms\/wp-json\/wp\/v2\/pages\/23\/revisions"}],"predecessor-version":[{"id":258,"href":"https:\/\/holfelner.de\/cms\/wp-json\/wp\/v2\/pages\/23\/revisions\/258"}],"wp:attachment":[{"href":"https:\/\/holfelner.de\/cms\/wp-json\/wp\/v2\/media?parent=23"}],"curies":[{"name":"wp","href":"https:\/\/api.w.org\/{rel}","templated":true}]}}